 -3) - -5?
5
Calculate 0 - -7 - 2 - 5.
0
Calculate 0 - (5 + -8 + 3).
0
Calculate 13 + -15 + -4 + 2 + 5.
1
Evaluate (1 - 2) + (5 + -3 - 1).
0
What is -1 + 4 - (7 - 2)?
-2
What is the value of (1 - 1 - 3) + 2?
-1
(-4 - -1 - 3) + 4
-2
What is the value of 2 + (2 - (10 - 4)) + 1?
-1
What is (-1 - (1 - -2)) + -25 + 32?
3
Calculate 10 + -6 + -7 + 7.
4
What is 5 - (-9 + 12 - -4)?
-2
0 + (1 - 0) + -4 + 8
5
Calculate -1 + 10 + -9 + -3.
-3
-3 + 5 + -4 + -2
-4
Calculate 3 - -2 - 6 - 1.
-2
-3 + 1 + 1 + -6 - -4
-3
What is the value of -29 + 36 - (-4 - -1) - 3?
7
What is the value of 4 - (-4 - 2) - 16?
-6
What is 6 - 2 - (1 + 2 + -2)?
3
Calculate 3 + -4 + 4 + 0 + 2.
5
What is -17 - ((11 - 8) + -14)?
-6
What is the value of 1 - -3 - (-15 + 17)?
2
Evaluate (-1 - -3 - -3) + -18 + 16.
3
Evaluate (-7 - (7 - 9)) + 8.
3
Calculate -30 - -21 - (-6 + 3 + -1).
-5
What is the value of -2 + 0 - (-1 - 0)?
-1
Calculate 7 + -2 - -2 - 3.
4
Evaluate -1 - -2 - ((-5 - -8) + 0).
-2
Evaluate 2 + -1 + -2 + -2 + 2.
-1
What is the value of (-6 + 10 - 14) + 5?
-5
What is 2 - ((-2 - 4 - -7) + 1)?
0
What is -2 + 2 + 6 + -5?
1
(-8 - -2 - -6) + 3
3
-15 + 19 - (0 - -6)
-2
What is (11 - 12) + (0 - -5) - 8?
-4
What is -11 + (4 - -3) + -2?
-6
Calculate 4 + -5 + -3 - (-5 - -5).
-4
-7 - (1 - -1 - (26 + -19))
-2
What is the value of 4 - (1 + 2 - (21 - 15))?
7
What is the value of 4 - (0 + -4 - (-24 - -13))?
-3
Calculate 13 - ((-4 - -4) + -6 + 12).
7
-5 - (-4 + 2 + -1 + -1)
-1
Calculate 2 - (-1 - (2 - 0)).
5
Evaluate 0 + -12 + (17 - (31 - 17)).
-9
-9 + (0 - -4 - 2) + 2
-5
Evaluate 15 + (-23 - -10) + (3 - 1).
4
What is 1 - 10 - (-80 + 64)?
7
13 + -8 + -5 - -2
2
Evaluate 5 + 1 + 12 + -20.
-2
Evaluate 1 + (-1 - 2 - (-1 - 0)).
-1
-7 + -2 + 9 - -6
6
-1 - 2 - (2 + -1)
-4
-3 - ((1 - (6 + -1)) + 0)
1
What is the value of 4 + (-4 + 6 - 4)?
2
What is (-2 - (-2 + -1)) + -5?
-4
What is the value of (4 - 12 - -3) + 1?
-4
Calculate 7 + (-1 + -1 - (2 - 2)).
5
5 + (-8 - -5) + -6 + 2
-2
What is the value of 6 + -4 + -3 - (5 - 4)?
-2
What is -7 - (-12 + -5 + 5)?
5
What is the value of -7 + 8 + -6 + 5?
0
What is the value of (-1 - -6) + (-3 - -3 - 3)?
2
Evaluate (-11 - -6) + (9 - 5) + 0.
-1
What is the value of (3 - (3 + 2)) + -1 + 1?
-2
What is the value of 5 + 3 + (-2 - 6)?
0
What is the value of 2 + 1 - (6 - (2 - 0))?
-1
What is the value of -2 - (0 - (6 + -9 - -1))?
-4
Calculate 1 + -1 - (3 + (-3 - -3)).
-3
Evaluate 3 - 6 - (5 - 14) - 9.
-3
What is 10 + -5 - (13 + -1)?
-7
What is the value of -2 + (2 - (5 + (-7 - -4)))?
-2
What is (-1 - -5) + -4 + -1 + -2?
-3
What is the value of -6 - -12 - -1 - 5?
2
(1 - 1) + 2 - (6 + -1)
-3
What is the value of (-2 - -1) + (-44 - -44) - 2?
-3
(-1 - -10 - (9 - 5)) + 0
5
Evaluate 1 - (0 - 2 - (-7 - -9)).
5
Calculate (8 - 4) + -8 + 6 + 2.
4
Evaluate (1 - 7) + 40 + -30.
4
1 + 2 + 5 - 9
-1
What is 8 + 0 + -3 - 2?
3
What is the value of (0 - -6) + -35 + 40?
11
What is -2 + -5 + (6 + 1 - 3)?
-3
Evaluate (-106 - -105) + (-6 - -1).
-6
What is (0 - 3) + (3 - -2)?
2
Evaluate 9 - (0 - (-1 + -7)).
1
Calculate (-4 + 1 - -2) + (-2 - 0).
-3
What is -8 + 3 + -1 + 6 + -4?
-4
What is 13 + -3 - (6 + -1)?
5
(2 - -2) + -1 - (21 - 25)
7
What is the value of -2 - (1 + 5 + -5)?
-3
What is the value of 3 + (-7 + 5 - -3)?
4
What is (3 + -11 + 4 - 3) + 4?
-3
What is 13 - (-6 - -9) - 14?
-4
Calculate -22 - -29 - (-3 + (22 - 2)).
-10
Evaluate (-3 - 2 - -4 - 3) + 4.
0
-1 + (-7 - 0) + -8 + 9
-7
What is 9 - (29 + -30 + (5 - 0))?
5
What is the value of -7 - -2 - (1 + -3)?
-3
What is the value of -2 - 1 - (26 - 26)?
-3
What is the value of (2 - 1) + -15 + 12?
-2
(3 - 4) + (2 - (-1 + 2))
0
1 + -8 - (-22 - -15 - -3)
-3
Evaluate -4 - (-2 + (-5 - -7)).
-4
What is 1 + (-2 - 2) + 6?
3
What is (-7 - 1) + 3 + 10 + -10?
-5
What is 0 - (15 - (-7 - -19))?
-3
Evaluate (-3 - 1 - -6 - -3) + -10.
-5
What is (-14 - 6 - -14) + 2 + -1?
-5
-6 + -9 + 5 + 7 - -5
2
Calculate (4 - 3) + 3 - 3.
1
What is the value of 1 + 2 - 6 - -6?
3
390 + -389 + (-1 - -1) + -1
0
What is the value of 1 - (-6 + 2) - 1?
4
What is -9 + (11 - 8) + 0?
-6
(-5 - (4 + -7)) + 1
-1
5 + -4 + 2 - (2 + 2)
-1
(0 - 1) + -1 + (-67 - -68)
-1
5 + (-2 - -4) - 4 - 11
-8
What is 0 + 6 + 0 + -1 + -1?
4
-7 - (1 + (-5 - 2))
-1
Evaluate 0 + -10 + (-5 - -12).
-3
What is the value of 1 - 7 - (5 + -3 + -11)?
3
Calculate (2 - 1) + -4 - (-5 + 1).
1
Evaluate (-5 - (-1 - 2)) + 6 + 1.
5
(3 - (4 + 0)) + 5
4
What is the value of 2 + (2 - 2 - (-1 + 4))?
-1
What is the value of 6 + (2 - 0) + -5 + 1?
4
Evaluate -3 + (-4 - -5) + 0.
-2
What is -2 - -6 - -10 - 10?
4
What is the value of (2 - -1 - 9) + 3 - -2?
-1
What is the value of (0 - -6) + -3 - 1 - 3?
-1
What is 25 - 23 - (4 + -1)?
-1
What is the value of 1 - (5 - (5 - 5))?
-4
What is the value of 2 + 2 - (5 + -3 + -1)?
3
2 + 1 + 7 + -10
0
-7 - (-8 + 2) - 1
-2
What is the value of (-2 - -5) + -1 + -2 - 1?
-1
(1 - 0 - 3) + (8 - 12)
-6
4 - (-12 - -15 - (0 - 1))
0
What is 1 + (-7 + 6 - (-2 - -1))?
1
Evaluate (-3 - (-3 + -7)) + -21 + 15.
1
What is 164 + -153 - (16 + -1)?
-4
Evaluate 10 + -18 + (-2 - -18).
8
Calculate 20 + -22 + (-2 - (1 + -1)).
-4
Calculate -11 + 3 + 17 + -13.
-4
6 + 0 + -6 - (7 + -4)
-3
What is -2 + -2 + -2 + 1?
-5
What is the value of -11 + 15 + -12 + 2 + 3?
-3
Evaluate -13 - (-12 + 7 + -6).
-2
What is (-6 - (-8 - -5)) + -2?
-5
Evaluate (6 - 9) + -12 - -7.
-8
Evaluate 10 + (8 - (15 + -4)) + 0.
7
What is the value of 1 + (-9 - (0 - 3))?
-5
Evaluate 8 + 6 + -10 - (1 - -3).
0
1 - -2 - (0 - 2 - -1)
4
Evaluate (2 - 2) + 2 + -5 - 1.
-4
What is 5 + -4 + -3 + -1?
-3
What is 1 + 6 + -12 - 1?
-6
-13 - (-8 + -13) - 2
6
Evaluate 3 + -3 - ((-3 - -5) + -2).
0
What is the value of 1 + -7 - (5 + -11 + -1)?
1
What is the value of 4 + -1 + -7 - (0 - 0)?
-4
Evaluate -2 - ((-3 - 1 - 0) + 6).
-4
What is the value of (-18 + 8 - -8) + -2 + 0?
-4
What is -1 - (-4 + -2 + 0)?
5
Calculate -4 - ((1 - 8) + 4).
-1
What is (3 - 7) + 2 + 1 + 1?
0
What is the value of -4 - (-8 - (-1 - 5))?
-2
What is the value of (1 - -3) + -3 + -5?
-4
Evaluate -6 - (3 + (-1 - 5)).
-3
What is the value of -11 + 13 + -1 + -3?
-2
(-10 - -17) + (-4 - -1)
4
(-4 - 1) + 3 + 2
0
1 + (-1 - 1) + -3
-4
What is (2 + -6 - (8 + -9)) + 3?
0
Evaluate 12 + (-12 - 11) - -9.
-2
What is -13 + (15 - (9 - 5))?
-2
Evaluate 2 + 7 + -16 + 11.
4
(-3 - 3) + (12 + -4 - 4)
-2
What is the value of (-3 - (-3 - -2)) + 0 + 7?
5
What is the value of -1 - (-8 - (0 - 8))?
-1
What is 13 + -9 - (5 + -1)?
0
Calculate -11 - (5 + -2 - 11).
-3
Evaluate (14 - (1 - -12)) + -12.
-11
-3 - -4 - (2 + 1) - 3
-5
0 - (1 - (-4 + 10) - -6)
-1
What is the value of -5 - (-1 - (-1 + 4 - 2))?
-3
Calculate 1 - -2 - (31 - 33).
5
Evaluate 12 - (18 + -2 + 3).
-7
What is the value of 1 + (-25 - -28) + (-4 - -1)?
1
12 + -8 + -5 + 6 + -6
-1
Evaluate 4 - (3 + 0) - -5.
6
What is (17 - 13) + (0 - (0 + 8))?
-4
What is the value of 14 - 6 - 2 - 12?
-6
-7 + -6 + 19 + -10
-4
2 - 0 - (0 - (2 - 2))
2
Calculate (-4 - -2) + 6 - 3.
1
Calculate 2 + 2 - (-1 + 1).
4
3 + -2 + 2 + -5
-2
Calculate (-2 - (-10 - -1)) + -4.
3
Calculate 16 + -10 + -4 + 4.
6
Evaluate -2 + (-4 - (0 + -3)) - 0.
-3
What is the value of (0 - 1) + (2 - (8 - 5))?
-2
What is the value of -3 + 5 + -8 + 7?
1
2 + (-2 + 2 - 0) + 3
5
Calculate -17 - -3 - (-9 - -1).
-6
Evaluate 1 + (-8 - -2) - (-3 + 3).
-5
1 - -6 - (-4 - -9)
2
-3 - -2 - (-5 - -1)
3
Evaluate -4 + 2 + 10 + -8.
0
Calculate -2 - (-3 - (2 - 2) - 2).
3
What is 4 - ((-6 + 16 - 2) + 1)?
-5
Evaluate (-2 - 1) + -4 + 7.
0
What is (2 - 15) + -37 + 46?
-4
Evaluate (-10 - -16 - 7) + 2 + -3.
-2
What is (-10 - -7 - -1) + -6?
-8
What is the value of -5 + -2 + 5 + 1?
-1
7 + -12 + 17 + -12
0
What is the value of 7 - (3 - 3) - (-1 - -5)?
3
Calculate -9 + (2 - -3) + 7.
3
6 + -11 + 4 + -2 + 2
-1
Evaluate -2 + 7 + (-11 - -2 - -1).
-3
What is 5 - 1 - (5 + -4)?
3
What is (53 - 62) + 1 + 7 + 2?
1
Evaluate (-10 - -12) + -7 + -6.
-11
Calculate (-80 - -84) + (1 - -2).
7
(5 - 7) + 3 - (4 + 0)
-3
What is -2 + 1 + -9 + 6?
-4
(0 - (2 + (0 - 2))) + -5
-5
(3 - 1) + 1 + -2 - 4
-3
What is the value of -4 + 2 + 0 - -2 - 2?
-2
(-5 - (-1 + 2 - 3)) + -2
-5
(8 - 10) + (2 + -1 - -4)
3
What is the value of 15 + (5 - 6) + -8?
6
Evaluate 0 + (-3 - (-6 - -1)) + -2.
0
(0 - 2) + 9 + -9
-2
Evaluate (-3 - -3) + (4 - 4).
0
What is (14 - 15) + (-1 - 2) - -4?
0
Wh